{"id":40403,"date":"2026-03-14T14:34:08","date_gmt":"2026-03-14T20:34:08","guid":{"rendered":"https:\/\/encartes.mx\/wp-content\/uploads\/2026\/03\/17.4.455_0-SV-Anexo-2_Karla-Y.-Covarrubias_Las-familias-son-como-robles.pdf"},"modified":"2026-03-14T14:34:08","modified_gmt":"2026-03-14T20:34:08","slug":"17-4-455_0-sv-anexo-2_karla-y-covarrubias_las-familias-son-como-robles","status":"inherit","type":"attachment","link":"https:\/\/encartes.mx\/pt\/covarrubias-familias-robles-dialogo-epistolar\/17-4-455_0-sv-anexo-2_karla-y-covarrubias_las-familias-son-como-robles\/","title":{"rendered":"17.4.455_0 SV Anexo 2_Karla Y. Covarrubias_Las familias son como robles"},"author":4,"featured_media":0,"comment_status":"open","ping_status":"closed","template":"","meta":{"_acf_changed":false},"categories":[],"tags":[],"class_list":["post-40403","attachment","type-attachment","status-inherit","hentry"],"acf":[],"yoast_head":"<!-- This site is optimized with the Yoast SEO plugin v22.2 - https:\/\/yoast.com\/wordpress\/plugins\/seo\/ -->\n<title>17.4.455_0 SV Anexo 2_Karla Y. Covarrubias_Las familias son como robles &#8211; Encartes<\/title>\n<meta name=\"robots\" content=\"index, follow, max-snippet:-1, max-image-preview:large, max-video-preview:-1\" \/>\n<link rel=\"canonical\" href=\"https:\/\/encartes.mx\/wp-content\/uploads\/2026\/03\/17.4.455_0-SV-Anexo-2_Karla-Y.-Covarrubias_Las-familias-son-como-robles.pdf\" \/>\n<meta property=\"og:locale\" content=\"pt_BR\" \/>\n<meta property=\"og:type\" content=\"article\" \/>\n<meta property=\"og:title\" content=\"17.4.455_0 SV Anexo 2_Karla Y. Covarrubias_Las familias son como robles &#8211; Encartes\" \/>\n<meta property=\"og:description\" content=\"17.4.455_0 SV Anexo 2_Karla Y. Covarrubias_Las familias son como robles\" \/>\n<meta property=\"og:url\" content=\"https:\/\/encartes.mx\/wp-content\/uploads\/2026\/03\/17.4.455_0-SV-Anexo-2_Karla-Y.-Covarrubias_Las-familias-son-como-robles.pdf\" \/>\n<meta property=\"og:site_name\" content=\"Encartes\" \/>\n<meta name=\"twitter:card\" content=\"summary_large_image\" \/>\n<meta name=\"twitter:label1\" content=\"Written by\" \/>\n\t<meta name=\"twitter:data1\" content=\"Arthur Ventura\" \/>\n<script type=\"application\/ld+json\" class=\"yoast-schema-graph\">{\"@context\":\"https:\/\/schema.org\",\"@graph\":[{\"@type\":\"WebPage\",\"@id\":\"https:\/\/encartes.mx\/wp-content\/uploads\/2026\/03\/17.4.455_0-SV-Anexo-2_Karla-Y.-Covarrubias_Las-familias-son-como-robles.pdf\",\"url\":\"https:\/\/encartes.mx\/wp-content\/uploads\/2026\/03\/17.4.455_0-SV-Anexo-2_Karla-Y.-Covarrubias_Las-familias-son-como-robles.pdf\",\"name\":\"17.4.455_0 SV Anexo 2_Karla Y. Covarrubias_Las familias son como robles &#8211; Encartes\",\"isPartOf\":{\"@id\":\"https:\/\/encartes.mx\/#website\"},\"datePublished\":\"2026-03-14T20:34:08+00:00\",\"dateModified\":\"2026-03-14T20:34:08+00:00\",\"breadcrumb\":{\"@id\":\"https:\/\/encartes.mx\/wp-content\/uploads\/2026\/03\/17.4.455_0-SV-Anexo-2_Karla-Y.-Covarrubias_Las-familias-son-como-robles.pdf#breadcrumb\"},\"inLanguage\":\"pt-BR\",\"potentialAction\":[{\"@type\":\"ReadAction\",\"target\":[\"https:\/\/encartes.mx\/wp-content\/uploads\/2026\/03\/17.4.455_0-SV-Anexo-2_Karla-Y.-Covarrubias_Las-familias-son-como-robles.pdf\"]}]},{\"@type\":\"BreadcrumbList\",\"@id\":\"https:\/\/encartes.mx\/wp-content\/uploads\/2026\/03\/17.4.455_0-SV-Anexo-2_Karla-Y.-Covarrubias_Las-familias-son-como-robles.pdf#breadcrumb\",\"itemListElement\":[{\"@type\":\"ListItem\",\"position\":1,\"name\":\"Home\",\"item\":\"https:\/\/encartes.mx\/\"},{\"@type\":\"ListItem\",\"position\":2,\"name\":\"&#8220;Las familias son como robles de ra\u00edces profundas\u2026&#8221;. Di\u00e1logo epistolar con Daniel Bertaux con base en el libro Genealog\u00edas comparadas. An\u00e1lisis cultural del habitus educativo en familias de Oaxaca\",\"item\":\"https:\/\/encartes.mx\/covarrubias-familias-robles-dialogo-epistolar\/\"},{\"@type\":\"ListItem\",\"position\":3,\"name\":\"17.4.455_0 SV Anexo 2_Karla Y. Covarrubias_Las familias son como robles\"}]},{\"@type\":\"WebSite\",\"@id\":\"https:\/\/encartes.mx\/#website\",\"url\":\"https:\/\/encartes.mx\/\",\"name\":\"Encartes\",\"description\":\"Revista digital multimedia\",\"publisher\":{\"@id\":\"https:\/\/encartes.mx\/#organization\"},\"potentialAction\":[{\"@type\":\"SearchAction\",\"target\":{\"@type\":\"EntryPoint\",\"urlTemplate\":\"https:\/\/encartes.mx\/?s={search_term_string}\"},\"query-input\":\"required name=search_term_string\"}],\"inLanguage\":\"pt-BR\"},{\"@type\":\"Organization\",\"@id\":\"https:\/\/encartes.mx\/#organization\",\"name\":\"Encartes Antropol\u00f3gicos\",\"url\":\"https:\/\/encartes.mx\/\",\"logo\":{\"@type\":\"ImageObject\",\"inLanguage\":\"pt-BR\",\"@id\":\"https:\/\/encartes.mx\/#\/schema\/logo\/image\/\",\"url\":\"https:\/\/encartes.mx\/wp-content\/uploads\/2017\/04\/Logo-04.png\",\"contentUrl\":\"https:\/\/encartes.mx\/wp-content\/uploads\/2017\/04\/Logo-04.png\",\"width\":338,\"height\":306,\"caption\":\"Encartes Antropol\u00f3gicos\"},\"image\":{\"@id\":\"https:\/\/encartes.mx\/#\/schema\/logo\/image\/\"}}]}<\/script>\n<!-- \/ Yoast SEO plugin. -->","yoast_head_json":{"title":"17.4.455_0 SV Anexo 2_Karla Y. Covarrubias_Las familias son como robles &#8211; Encartes","robots":{"index":"index","follow":"follow","max-snippet":"max-snippet:-1","max-image-preview":"max-image-preview:large","max-video-preview":"max-video-preview:-1"},"canonical":"https:\/\/encartes.mx\/wp-content\/uploads\/2026\/03\/17.4.455_0-SV-Anexo-2_Karla-Y.-Covarrubias_Las-familias-son-como-robles.pdf","og_locale":"pt_BR","og_type":"article","og_title":"17.4.455_0 SV Anexo 2_Karla Y. Covarrubias_Las familias son como robles &#8211; Encartes","og_description":"17.4.455_0 SV Anexo 2_Karla Y. Covarrubias_Las familias son como robles","og_url":"https:\/\/encartes.mx\/wp-content\/uploads\/2026\/03\/17.4.455_0-SV-Anexo-2_Karla-Y.-Covarrubias_Las-familias-son-como-robles.pdf","og_site_name":"Encartes","twitter_card":"summary_large_image","twitter_misc":{"Written by":"Arthur Ventura"},"schema":{"@context":"https:\/\/schema.org","@graph":[{"@type":"WebPage","@id":"https:\/\/encartes.mx\/wp-content\/uploads\/2026\/03\/17.4.455_0-SV-Anexo-2_Karla-Y.-Covarrubias_Las-familias-son-como-robles.pdf","url":"https:\/\/encartes.mx\/wp-content\/uploads\/2026\/03\/17.4.455_0-SV-Anexo-2_Karla-Y.-Covarrubias_Las-familias-son-como-robles.pdf","name":"17.4.455_0 SV Anexo 2_Karla Y. Covarrubias_Las familias son como robles &#8211; Encartes","isPartOf":{"@id":"https:\/\/encartes.mx\/#website"},"datePublished":"2026-03-14T20:34:08+00:00","dateModified":"2026-03-14T20:34:08+00:00","breadcrumb":{"@id":"https:\/\/encartes.mx\/wp-content\/uploads\/2026\/03\/17.4.455_0-SV-Anexo-2_Karla-Y.-Covarrubias_Las-familias-son-como-robles.pdf#breadcrumb"},"inLanguage":"pt-BR","potentialAction":[{"@type":"ReadAction","target":["https:\/\/encartes.mx\/wp-content\/uploads\/2026\/03\/17.4.455_0-SV-Anexo-2_Karla-Y.-Covarrubias_Las-familias-son-como-robles.pdf"]}]},{"@type":"BreadcrumbList","@id":"https:\/\/encartes.mx\/wp-content\/uploads\/2026\/03\/17.4.455_0-SV-Anexo-2_Karla-Y.-Covarrubias_Las-familias-son-como-robles.pdf#breadcrumb","itemListElement":[{"@type":"ListItem","position":1,"name":"Home","item":"https:\/\/encartes.mx\/"},{"@type":"ListItem","position":2,"name":"&#8220;Las familias son como robles de ra\u00edces profundas\u2026&#8221;. Di\u00e1logo epistolar con Daniel Bertaux con base en el libro Genealog\u00edas comparadas. An\u00e1lisis cultural del habitus educativo en familias de Oaxaca","item":"https:\/\/encartes.mx\/covarrubias-familias-robles-dialogo-epistolar\/"},{"@type":"ListItem","position":3,"name":"17.4.455_0 SV Anexo 2_Karla Y. Covarrubias_Las familias son como robles"}]},{"@type":"WebSite","@id":"https:\/\/encartes.mx\/#website","url":"https:\/\/encartes.mx\/","name":"Encartes","description":"Revista multim\u00eddia digital","publisher":{"@id":"https:\/\/encartes.mx\/#organization"},"potentialAction":[{"@type":"SearchAction","target":{"@type":"EntryPoint","urlTemplate":"https:\/\/encartes.mx\/?s={search_term_string}"},"query-input":"required name=search_term_string"}],"inLanguage":"pt-BR"},{"@type":"Organization","@id":"https:\/\/encartes.mx\/#organization","name":"Inser\u00e7\u00f5es antropol\u00f3gicas","url":"https:\/\/encartes.mx\/","logo":{"@type":"ImageObject","inLanguage":"pt-BR","@id":"https:\/\/encartes.mx\/#\/schema\/logo\/image\/","url":"https:\/\/encartes.mx\/wp-content\/uploads\/2017\/04\/Logo-04.png","contentUrl":"https:\/\/encartes.mx\/wp-content\/uploads\/2017\/04\/Logo-04.png","width":338,"height":306,"caption":"Encartes Antropol\u00f3gicos"},"image":{"@id":"https:\/\/encartes.mx\/#\/schema\/logo\/image\/"}}]}},"jetpack_sharing_enabled":true,"description":{"rendered":"<p class=\"attachment\"><a href='https:\/\/encartes.mx\/wp-content\/uploads\/2026\/03\/17.4.455_0-SV-Anexo-2_Karla-Y.-Covarrubias_Las-familias-son-como-robles.pdf'>17.4.455_0 SV Anexo 2_Karla Y. Covarrubias_Las familias son como robles<\/a><\/p>\n"},"caption":{"rendered":"<p>17.4.455_0 SV Anexo 2_Karla Y. Covarrubias_Las familias son como robles<\/p>\n"},"alt_text":"","media_type":"file","mime_type":"application\/pdf","media_details":{"filesize":1386740,"sizes":{}},"post":40395,"source_url":"https:\/\/encartes.mx\/wp-content\/uploads\/2026\/03\/17.4.455_0-SV-Anexo-2_Karla-Y.-Covarrubias_Las-familias-son-como-robles.pdf","_links":{"self":[{"href":"https:\/\/encartes.mx\/pt\/wp-json\/wp\/v2\/media\/40403","targetHints":{"allow":["GET"]}}],"collection":[{"href":"https:\/\/encartes.mx\/pt\/wp-json\/wp\/v2\/media"}],"about":[{"href":"https:\/\/encartes.mx\/pt\/wp-json\/wp\/v2\/types\/attachment"}],"author":[{"embeddable":true,"href":"https:\/\/encartes.mx\/pt\/wp-json\/wp\/v2\/users\/4"}],"replies":[{"embeddable":true,"href":"https:\/\/encartes.mx\/pt\/wp-json\/wp\/v2\/comments?post=40403"}],"wp:term":[{"taxonomy":"category","embeddable":true,"href":"https:\/\/encartes.mx\/pt\/wp-json\/wp\/v2\/categories?post=40403"},{"taxonomy":"post_tag","embeddable":true,"href":"https:\/\/encartes.mx\/pt\/wp-json\/wp\/v2\/tags?post=40403"}],"curies":[{"name":"wp","href":"https:\/\/api.w.org\/{rel}","templated":true}]}}

<!-- This site is optimized with the Yoast SEO plugin v22.2 - https://yoast.com/wordpress/plugins/seo/ -->
<title>17.4.455_0 SV Anexo 2_Karla Y. Covarrubias_Las familias son como robles &#8211; Encartes</title>
<meta name="robots" content="index, follow, max-snippet:-1, max-image-preview:large, max-video-preview:-1" />
<link rel="canonical" href="https://encartes.mx/wp-content/uploads/2026/03/17.4.455_0-SV-Anexo-2_Karla-Y.-Covarrubias_Las-familias-son-como-robles.pdf" />
<meta property="og:locale" content="pt_BR" />
<meta property="og:type" content="article" />
<meta property="og:title" content="17.4.455_0 SV Anexo 2_Karla Y. Covarrubias_Las familias son como robles &#8211; Encartes" />
<meta property="og:description" content="17.4.455_0 SV Anexo 2_Karla Y. Covarrubias_Las familias son como robles" />
<meta property="og:url" content="https://encartes.mx/wp-content/uploads/2026/03/17.4.455_0-SV-Anexo-2_Karla-Y.-Covarrubias_Las-familias-son-como-robles.pdf" />
<meta property="og:site_name" content="Encartes" />
<meta name="twitter:card" content="summary_large_image" />
<meta name="twitter:label1" content="Written by" />
	<meta name="twitter:data1" content="Arthur Ventura" />
<script type="application/ld+json" class="yoast-schema-graph">{"@context":"https://schema.org","@graph":[{"@type":"WebPage","@id":"https://encartes.mx/wp-content/uploads/2026/03/17.4.455_0-SV-Anexo-2_Karla-Y.-Covarrubias_Las-familias-son-como-robles.pdf","url":"https://encartes.mx/wp-content/uploads/2026/03/17.4.455_0-SV-Anexo-2_Karla-Y.-Covarrubias_Las-familias-son-como-robles.pdf","name":"17.4.455_0 SV Anexo 2_Karla Y. Covarrubias_Las familias son como robles &#8211; Encartes","isPartOf":{"@id":"https://encartes.mx/#website"},"datePublished":"2026-03-14T20:34:08+00:00","dateModified":"2026-03-14T20:34:08+00:00","breadcrumb":{"@id":"https://encartes.mx/wp-content/uploads/2026/03/17.4.455_0-SV-Anexo-2_Karla-Y.-Covarrubias_Las-familias-son-como-robles.pdf#breadcrumb"},"inLanguage":"pt-BR","potentialAction":[{"@type":"ReadAction","target":["https://encartes.mx/wp-content/uploads/2026/03/17.4.455_0-SV-Anexo-2_Karla-Y.-Covarrubias_Las-familias-son-como-robles.pdf"]}]},{"@type":"BreadcrumbList","@id":"https://encartes.mx/wp-content/uploads/2026/03/17.4.455_0-SV-Anexo-2_Karla-Y.-Covarrubias_Las-familias-son-como-robles.pdf#breadcrumb","itemListElement":[{"@type":"ListItem","position":1,"name":"Home","item":"https://encartes.mx/"},{"@type":"ListItem","position":2,"name":"&#8220;Las familias son como robles de raíces profundas…&#8221;. Diálogo epistolar con Daniel Bertaux con base en el libro Genealogías comparadas. Análisis cultural del habitus educativo en familias de Oaxaca","item":"https://encartes.mx/covarrubias-familias-robles-dialogo-epistolar/"},{"@type":"ListItem","position":3,"name":"17.4.455_0 SV Anexo 2_Karla Y. Covarrubias_Las familias son como robles"}]},{"@type":"WebSite","@id":"https://encartes.mx/#website","url":"https://encartes.mx/","name":"Encartes","description":"Revista digital multimedia","publisher":{"@id":"https://encartes.mx/#organization"},"potentialAction":[{"@type":"SearchAction","target":{"@type":"EntryPoint","urlTemplate":"https://encartes.mx/?s={search_term_string}"},"query-input":"required name=search_term_string"}],"inLanguage":"pt-BR"},{"@type":"Organization","@id":"https://encartes.mx/#organization","name":"Encartes Antropológicos","url":"https://encartes.mx/","logo":{"@type":"ImageObject","inLanguage":"pt-BR","@id":"https://encartes.mx/#/schema/logo/image/","url":"https://encartes.mx/wp-content/uploads/2017/04/Logo-04.png","contentUrl":"https://encartes.mx/wp-content/uploads/2017/04/Logo-04.png","width":338,"height":306,"caption":"Encartes Antropológicos"},"image":{"@id":"https://encartes.mx/#/schema/logo/image/"}}]}</script>
<!-- / Yoast SEO plugin. -->

&#8220;Las familias son como robles de raíces profundas…&#8221;. Diálogo epistolar con Daniel Bertaux con base en el libro Genealogías comparadas. Análisis cultural del habitus educativo en familias de Oaxaca

Revista multimídia digital

Inserções antropológicas

Encartes Antropológicos
