{"id":37762,"date":"2023-09-20T22:38:40","date_gmt":"2023-09-20T22:38:40","guid":{"rendered":"https:\/\/encartes.mx\/wp-content\/uploads\/2023\/09\/V-Concurso-de-fotografia-Encartes-1.jpg"},"modified":"2023-09-20T22:38:40","modified_gmt":"2023-09-20T22:38:40","slug":"v-concurso-de-fotografia-encartes-1","status":"inherit","type":"attachment","link":"https:\/\/encartes.mx\/pt\/vol-6-num-12-2023\/v-concurso-de-fotografia-encartes-1\/","title":{"rendered":"V-Concurso-de-fotografia-Encartes-1"},"author":4,"featured_media":0,"comment_status":"open","ping_status":"closed","template":"","meta":{"_acf_changed":false},"categories":[],"tags":[],"class_list":["post-37762","attachment","type-attachment","status-inherit","hentry"],"acf":[],"yoast_head":"<!-- This site is optimized with the Yoast SEO plugin v22.2 - https:\/\/yoast.com\/wordpress\/plugins\/seo\/ -->\n<title>V-Concurso-de-fotografia-Encartes-1 &#8211; Encartes<\/title>\n<meta name=\"robots\" content=\"index, follow, max-snippet:-1, max-image-preview:large, max-video-preview:-1\" \/>\n<link rel=\"canonical\" href=\"https:\/\/encartes.mx\/wp-content\/uploads\/2023\/09\/V-Concurso-de-fotografia-Encartes-1.jpg\" \/>\n<meta property=\"og:locale\" content=\"pt_BR\" \/>\n<meta property=\"og:type\" content=\"article\" \/>\n<meta property=\"og:title\" content=\"V-Concurso-de-fotografia-Encartes-1 &#8211; Encartes\" \/>\n<meta property=\"og:url\" content=\"https:\/\/encartes.mx\/wp-content\/uploads\/2023\/09\/V-Concurso-de-fotografia-Encartes-1.jpg\" \/>\n<meta property=\"og:site_name\" content=\"Encartes\" \/>\n<meta property=\"og:image\" content=\"https:\/\/encartes.mx\/wp-content\/uploads\/2023\/09\/V-Concurso-de-fotografia-Encartes-1.jpg\" \/>\n\t<meta property=\"og:image:width\" content=\"2400\" \/>\n\t<meta property=\"og:image:height\" content=\"1038\" \/>\n\t<meta property=\"og:image:type\" content=\"image\/jpeg\" \/>\n<meta name=\"twitter:card\" content=\"summary_large_image\" \/>\n<meta name=\"twitter:label1\" content=\"Written by\" \/>\n\t<meta name=\"twitter:data1\" content=\"Arthur Ventura\" \/>\n<script type=\"application\/ld+json\" class=\"yoast-schema-graph\">{\"@context\":\"https:\/\/schema.org\",\"@graph\":[{\"@type\":\"WebPage\",\"@id\":\"https:\/\/encartes.mx\/wp-content\/uploads\/2023\/09\/V-Concurso-de-fotografia-Encartes-1.jpg\",\"url\":\"https:\/\/encartes.mx\/wp-content\/uploads\/2023\/09\/V-Concurso-de-fotografia-Encartes-1.jpg\",\"name\":\"V-Concurso-de-fotografia-Encartes-1 &#8211; Encartes\",\"isPartOf\":{\"@id\":\"https:\/\/encartes.mx\/#website\"},\"datePublished\":\"2023-09-20T22:38:40+00:00\",\"dateModified\":\"2023-09-20T22:38:40+00:00\",\"breadcrumb\":{\"@id\":\"https:\/\/encartes.mx\/wp-content\/uploads\/2023\/09\/V-Concurso-de-fotografia-Encartes-1.jpg#breadcrumb\"},\"inLanguage\":\"pt-BR\",\"potentialAction\":[{\"@type\":\"ReadAction\",\"target\":[\"https:\/\/encartes.mx\/wp-content\/uploads\/2023\/09\/V-Concurso-de-fotografia-Encartes-1.jpg\"]}]},{\"@type\":\"BreadcrumbList\",\"@id\":\"https:\/\/encartes.mx\/wp-content\/uploads\/2023\/09\/V-Concurso-de-fotografia-Encartes-1.jpg#breadcrumb\",\"itemListElement\":[{\"@type\":\"ListItem\",\"position\":1,\"name\":\"Home\",\"item\":\"https:\/\/encartes.mx\/\"},{\"@type\":\"ListItem\",\"position\":2,\"name\":\"Vol. 6, N\u00fam. 12 (2023)\",\"item\":\"https:\/\/encartes.mx\/en\/vol-6-num-12-2023\/\"},{\"@type\":\"ListItem\",\"position\":3,\"name\":\"V-Concurso-de-fotografia-Encartes-1\"}]},{\"@type\":\"WebSite\",\"@id\":\"https:\/\/encartes.mx\/#website\",\"url\":\"https:\/\/encartes.mx\/\",\"name\":\"Encartes\",\"description\":\"Revista digital multimedia\",\"publisher\":{\"@id\":\"https:\/\/encartes.mx\/#organization\"},\"potentialAction\":[{\"@type\":\"SearchAction\",\"target\":{\"@type\":\"EntryPoint\",\"urlTemplate\":\"https:\/\/encartes.mx\/?s={search_term_string}\"},\"query-input\":\"required name=search_term_string\"}],\"inLanguage\":\"pt-BR\"},{\"@type\":\"Organization\",\"@id\":\"https:\/\/encartes.mx\/#organization\",\"name\":\"Encartes Antropol\u00f3gicos\",\"url\":\"https:\/\/encartes.mx\/\",\"logo\":{\"@type\":\"ImageObject\",\"inLanguage\":\"pt-BR\",\"@id\":\"https:\/\/encartes.mx\/#\/schema\/logo\/image\/\",\"url\":\"https:\/\/encartes.mx\/wp-content\/uploads\/2017\/04\/Logo-04.png\",\"contentUrl\":\"https:\/\/encartes.mx\/wp-content\/uploads\/2017\/04\/Logo-04.png\",\"width\":338,\"height\":306,\"caption\":\"Encartes Antropol\u00f3gicos\"},\"image\":{\"@id\":\"https:\/\/encartes.mx\/#\/schema\/logo\/image\/\"}}]}<\/script>\n<!-- \/ Yoast SEO plugin. -->","yoast_head_json":{"title":"V-Concurso-de-fotografia-Encartes-1 &#8211; Encartes","robots":{"index":"index","follow":"follow","max-snippet":"max-snippet:-1","max-image-preview":"max-image-preview:large","max-video-preview":"max-video-preview:-1"},"canonical":"https:\/\/encartes.mx\/wp-content\/uploads\/2023\/09\/V-Concurso-de-fotografia-Encartes-1.jpg","og_locale":"pt_BR","og_type":"article","og_title":"V-Concurso-de-fotografia-Encartes-1 &#8211; Encartes","og_url":"https:\/\/encartes.mx\/wp-content\/uploads\/2023\/09\/V-Concurso-de-fotografia-Encartes-1.jpg","og_site_name":"Encartes","og_image":[{"width":2400,"height":1038,"url":"https:\/\/encartes.mx\/wp-content\/uploads\/2023\/09\/V-Concurso-de-fotografia-Encartes-1.jpg","type":"image\/jpeg"}],"twitter_card":"summary_large_image","twitter_misc":{"Written by":"Arthur Ventura"},"schema":{"@context":"https:\/\/schema.org","@graph":[{"@type":"WebPage","@id":"https:\/\/encartes.mx\/wp-content\/uploads\/2023\/09\/V-Concurso-de-fotografia-Encartes-1.jpg","url":"https:\/\/encartes.mx\/wp-content\/uploads\/2023\/09\/V-Concurso-de-fotografia-Encartes-1.jpg","name":"V-Concurso-de-fotografia-Encartes-1 &#8211; Encartes","isPartOf":{"@id":"https:\/\/encartes.mx\/#website"},"datePublished":"2023-09-20T22:38:40+00:00","dateModified":"2023-09-20T22:38:40+00:00","breadcrumb":{"@id":"https:\/\/encartes.mx\/wp-content\/uploads\/2023\/09\/V-Concurso-de-fotografia-Encartes-1.jpg#breadcrumb"},"inLanguage":"pt-BR","potentialAction":[{"@type":"ReadAction","target":["https:\/\/encartes.mx\/wp-content\/uploads\/2023\/09\/V-Concurso-de-fotografia-Encartes-1.jpg"]}]},{"@type":"BreadcrumbList","@id":"https:\/\/encartes.mx\/wp-content\/uploads\/2023\/09\/V-Concurso-de-fotografia-Encartes-1.jpg#breadcrumb","itemListElement":[{"@type":"ListItem","position":1,"name":"Home","item":"https:\/\/encartes.mx\/"},{"@type":"ListItem","position":2,"name":"Vol. 6, N\u00fam. 12 (2023)","item":"https:\/\/encartes.mx\/en\/vol-6-num-12-2023\/"},{"@type":"ListItem","position":3,"name":"V-Concurso-de-fotografia-Encartes-1"}]},{"@type":"WebSite","@id":"https:\/\/encartes.mx\/#website","url":"https:\/\/encartes.mx\/","name":"Encartes","description":"Revista multim\u00eddia digital","publisher":{"@id":"https:\/\/encartes.mx\/#organization"},"potentialAction":[{"@type":"SearchAction","target":{"@type":"EntryPoint","urlTemplate":"https:\/\/encartes.mx\/?s={search_term_string}"},"query-input":"required name=search_term_string"}],"inLanguage":"pt-BR"},{"@type":"Organization","@id":"https:\/\/encartes.mx\/#organization","name":"Inser\u00e7\u00f5es antropol\u00f3gicas","url":"https:\/\/encartes.mx\/","logo":{"@type":"ImageObject","inLanguage":"pt-BR","@id":"https:\/\/encartes.mx\/#\/schema\/logo\/image\/","url":"https:\/\/encartes.mx\/wp-content\/uploads\/2017\/04\/Logo-04.png","contentUrl":"https:\/\/encartes.mx\/wp-content\/uploads\/2017\/04\/Logo-04.png","width":338,"height":306,"caption":"Encartes Antropol\u00f3gicos"},"image":{"@id":"https:\/\/encartes.mx\/#\/schema\/logo\/image\/"}}]}},"jetpack_sharing_enabled":true,"description":{"rendered":"<p class=\"attachment\"><a href='https:\/\/encartes.mx\/wp-content\/uploads\/2023\/09\/V-Concurso-de-fotografia-Encartes-1.jpg'><img loading=\"lazy\" decoding=\"async\" width=\"300\" height=\"130\" src=\"https:\/\/encartes.mx\/wp-content\/uploads\/2023\/09\/V-Concurso-de-fotografia-Encartes-1-300x130.jpg\" class=\"attachment-medium size-medium\" alt=\"\" srcset=\"https:\/\/encartes.mx\/wp-content\/uploads\/2023\/09\/V-Concurso-de-fotografia-Encartes-1-300x130.jpg 300w, https:\/\/encartes.mx\/wp-content\/uploads\/2023\/09\/V-Concurso-de-fotografia-Encartes-1-1024x443.jpg 1024w, https:\/\/encartes.mx\/wp-content\/uploads\/2023\/09\/V-Concurso-de-fotografia-Encartes-1-768x332.jpg 768w, https:\/\/encartes.mx\/wp-content\/uploads\/2023\/09\/V-Concurso-de-fotografia-Encartes-1-1600x692.jpg 1600w, https:\/\/encartes.mx\/wp-content\/uploads\/2023\/09\/V-Concurso-de-fotografia-Encartes-1-2200x952.jpg 2200w, https:\/\/encartes.mx\/wp-content\/uploads\/2023\/09\/V-Concurso-de-fotografia-Encartes-1-1536x664.jpg 1536w, https:\/\/encartes.mx\/wp-content\/uploads\/2023\/09\/V-Concurso-de-fotografia-Encartes-1-2048x886.jpg 2048w, https:\/\/encartes.mx\/wp-content\/uploads\/2023\/09\/V-Concurso-de-fotografia-Encartes-1-18x8.jpg 18w, https:\/\/encartes.mx\/wp-content\/uploads\/2023\/09\/V-Concurso-de-fotografia-Encartes-1-1200x519.jpg 1200w, https:\/\/encartes.mx\/wp-content\/uploads\/2023\/09\/V-Concurso-de-fotografia-Encartes-1-1980x856.jpg 1980w, https:\/\/encartes.mx\/wp-content\/uploads\/2023\/09\/V-Concurso-de-fotografia-Encartes-1.jpg 2400w\" sizes=\"auto, (max-width: 300px) 100vw, 300px\" \/><\/a><\/p>\n"},"caption":{"rendered":""},"alt_text":"","media_type":"image","mime_type":"image\/jpeg","media_details":{"width":2400,"height":1038,"file":"2023\/09\/V-Concurso-de-fotografia-Encartes-1.jpg","sizes":{"medium":{"file":"V-Concurso-de-fotografia-Encartes-1-300x130.jpg","width":300,"height":130,"mime_type":"image\/jpeg","source_url":"https:\/\/encartes.mx\/wp-content\/uploads\/2023\/09\/V-Concurso-de-fotografia-Encartes-1-300x130.jpg"},"large":{"file":"V-Concurso-de-fotografia-Encartes-1-1024x443.jpg","width":1024,"height":443,"mime_type":"image\/jpeg","source_url":"https:\/\/encartes.mx\/wp-content\/uploads\/2023\/09\/V-Concurso-de-fotografia-Encartes-1-1024x443.jpg"},"thumbnail":{"file":"V-Concurso-de-fotografia-Encartes-1-150x150.jpg","width":150,"height":150,"mime_type":"image\/jpeg","source_url":"https:\/\/encartes.mx\/wp-content\/uploads\/2023\/09\/V-Concurso-de-fotografia-Encartes-1-150x150.jpg"},"medium_large":{"file":"V-Concurso-de-fotografia-Encartes-1-768x332.jpg","width":768,"height":332,"mime_type":"image\/jpeg","source_url":"https:\/\/encartes.mx\/wp-content\/uploads\/2023\/09\/V-Concurso-de-fotografia-Encartes-1-768x332.jpg"},"xl":{"file":"V-Concurso-de-fotografia-Encartes-1-1600x692.jpg","width":1600,"height":692,"mime_type":"image\/jpeg","source_url":"https:\/\/encartes.mx\/wp-content\/uploads\/2023\/09\/V-Concurso-de-fotografia-Encartes-1-1600x692.jpg"},"xxl":{"file":"V-Concurso-de-fotografia-Encartes-1-2200x952.jpg","width":2200,"height":952,"mime_type":"image\/jpeg","source_url":"https:\/\/encartes.mx\/wp-content\/uploads\/2023\/09\/V-Concurso-de-fotografia-Encartes-1-2200x952.jpg"},"1536x1536":{"file":"V-Concurso-de-fotografia-Encartes-1-1536x664.jpg","width":1536,"height":664,"mime_type":"image\/jpeg","source_url":"https:\/\/encartes.mx\/wp-content\/uploads\/2023\/09\/V-Concurso-de-fotografia-Encartes-1-1536x664.jpg"},"2048x2048":{"file":"V-Concurso-de-fotografia-Encartes-1-2048x886.jpg","width":2048,"height":886,"mime_type":"image\/jpeg","source_url":"https:\/\/encartes.mx\/wp-content\/uploads\/2023\/09\/V-Concurso-de-fotografia-Encartes-1-2048x886.jpg"},"trp-custom-language-flag":{"file":"V-Concurso-de-fotografia-Encartes-1-18x8.jpg","width":18,"height":8,"mime_type":"image\/jpeg","source_url":"https:\/\/encartes.mx\/wp-content\/uploads\/2023\/09\/V-Concurso-de-fotografia-Encartes-1-18x8.jpg"},"post-thumbnail":{"file":"V-Concurso-de-fotografia-Encartes-1-1200x519.jpg","width":1200,"height":519,"mime_type":"image\/jpeg","source_url":"https:\/\/encartes.mx\/wp-content\/uploads\/2023\/09\/V-Concurso-de-fotografia-Encartes-1-1200x519.jpg"},"twentytwenty-fullscreen":{"file":"V-Concurso-de-fotografia-Encartes-1-1980x856.jpg","width":1980,"height":856,"mime_type":"image\/jpeg","source_url":"https:\/\/encartes.mx\/wp-content\/uploads\/2023\/09\/V-Concurso-de-fotografia-Encartes-1-1980x856.jpg"},"full":{"file":"V-Concurso-de-fotografia-Encartes-1.jpg","width":2400,"height":1038,"mime_type":"image\/jpeg","source_url":"https:\/\/encartes.mx\/wp-content\/uploads\/2023\/09\/V-Concurso-de-fotografia-Encartes-1.jpg"}},"image_meta":{"aperture":"0","credit":"","camera":"","caption":"","created_timestamp":"0","copyright":"","focal_length":"0","iso":"0","shutter_speed":"0","title":"","orientation":"0","keywords":[]}},"post":37727,"source_url":"https:\/\/encartes.mx\/wp-content\/uploads\/2023\/09\/V-Concurso-de-fotografia-Encartes-1.jpg","_links":{"self":[{"href":"https:\/\/encartes.mx\/pt\/wp-json\/wp\/v2\/media\/37762","targetHints":{"allow":["GET"]}}],"collection":[{"href":"https:\/\/encartes.mx\/pt\/wp-json\/wp\/v2\/media"}],"about":[{"href":"https:\/\/encartes.mx\/pt\/wp-json\/wp\/v2\/types\/attachment"}],"author":[{"embeddable":true,"href":"https:\/\/encartes.mx\/pt\/wp-json\/wp\/v2\/users\/4"}],"replies":[{"embeddable":true,"href":"https:\/\/encartes.mx\/pt\/wp-json\/wp\/v2\/comments?post=37762"}],"wp:term":[{"taxonomy":"category","embeddable":true,"href":"https:\/\/encartes.mx\/pt\/wp-json\/wp\/v2\/categories?post=37762"},{"taxonomy":"post_tag","embeddable":true,"href":"https:\/\/encartes.mx\/pt\/wp-json\/wp\/v2\/tags?post=37762"}],"curies":[{"name":"wp","href":"https:\/\/api.w.org\/{rel}","templated":true}]}}

<!-- This site is optimized with the Yoast SEO plugin v22.2 - https://yoast.com/wordpress/plugins/seo/ -->
<title>V-Concurso-de-fotografia-Encartes-1 &#8211; Encartes</title>
<meta name="robots" content="index, follow, max-snippet:-1, max-image-preview:large, max-video-preview:-1" />
<link rel="canonical" href="https://encartes.mx/wp-content/uploads/2023/09/V-Concurso-de-fotografia-Encartes-1.jpg" />
<meta property="og:locale" content="pt_BR" />
<meta property="og:type" content="article" />
<meta property="og:title" content="V-Concurso-de-fotografia-Encartes-1 &#8211; Encartes" />
<meta property="og:url" content="https://encartes.mx/wp-content/uploads/2023/09/V-Concurso-de-fotografia-Encartes-1.jpg" />
<meta property="og:site_name" content="Encartes" />
<meta property="og:image" content="https://encartes.mx/wp-content/uploads/2023/09/V-Concurso-de-fotografia-Encartes-1.jpg" />
	<meta property="og:image:width" content="2400" />
	<meta property="og:image:height" content="1038" />
	<meta property="og:image:type" content="image/jpeg" />
<meta name="twitter:card" content="summary_large_image" />
<meta name="twitter:label1" content="Written by" />
	<meta name="twitter:data1" content="Arthur Ventura" />
<script type="application/ld+json" class="yoast-schema-graph">{"@context":"https://schema.org","@graph":[{"@type":"WebPage","@id":"https://encartes.mx/wp-content/uploads/2023/09/V-Concurso-de-fotografia-Encartes-1.jpg","url":"https://encartes.mx/wp-content/uploads/2023/09/V-Concurso-de-fotografia-Encartes-1.jpg","name":"V-Concurso-de-fotografia-Encartes-1 &#8211; Encartes","isPartOf":{"@id":"https://encartes.mx/#website"},"datePublished":"2023-09-20T22:38:40+00:00","dateModified":"2023-09-20T22:38:40+00:00","breadcrumb":{"@id":"https://encartes.mx/wp-content/uploads/2023/09/V-Concurso-de-fotografia-Encartes-1.jpg#breadcrumb"},"inLanguage":"pt-BR","potentialAction":[{"@type":"ReadAction","target":["https://encartes.mx/wp-content/uploads/2023/09/V-Concurso-de-fotografia-Encartes-1.jpg"]}]},{"@type":"BreadcrumbList","@id":"https://encartes.mx/wp-content/uploads/2023/09/V-Concurso-de-fotografia-Encartes-1.jpg#breadcrumb","itemListElement":[{"@type":"ListItem","position":1,"name":"Home","item":"https://encartes.mx/"},{"@type":"ListItem","position":2,"name":"Vol. 6, Núm. 12 (2023)","item":"https://encartes.mx/en/vol-6-num-12-2023/"},{"@type":"ListItem","position":3,"name":"V-Concurso-de-fotografia-Encartes-1"}]},{"@type":"WebSite","@id":"https://encartes.mx/#website","url":"https://encartes.mx/","name":"Encartes","description":"Revista digital multimedia","publisher":{"@id":"https://encartes.mx/#organization"},"potentialAction":[{"@type":"SearchAction","target":{"@type":"EntryPoint","urlTemplate":"https://encartes.mx/?s={search_term_string}"},"query-input":"required name=search_term_string"}],"inLanguage":"pt-BR"},{"@type":"Organization","@id":"https://encartes.mx/#organization","name":"Encartes Antropológicos","url":"https://encartes.mx/","logo":{"@type":"ImageObject","inLanguage":"pt-BR","@id":"https://encartes.mx/#/schema/logo/image/","url":"https://encartes.mx/wp-content/uploads/2017/04/Logo-04.png","contentUrl":"https://encartes.mx/wp-content/uploads/2017/04/Logo-04.png","width":338,"height":306,"caption":"Encartes Antropológicos"},"image":{"@id":"https://encartes.mx/#/schema/logo/image/"}}]}</script>
<!-- / Yoast SEO plugin. -->

Vol. 6, Núm. 12 (2023)

Revista multimídia digital

Inserções antropológicas

Encartes Antropológicos
