{"version":"1.0","provider_name":"Encartes","provider_url":"https:\/\/encartes.mx\/en\/","author_name":"Arthur Ventura","author_url":"https:\/\/encartes.mx\/en\/author\/arthur\/","title":"Naci\u00f3n y racismo. El d\u00eda 12 de octubre en la construcci\u00f3n de las sociedades latinoamericanas &#8211; Encartes","type":"rich","width":600,"height":338,"html":"<blockquote class=\"wp-embedded-content\" data-secret=\"3VEuXH0Mgo\"><a href=\"https:\/\/encartes.mx\/en\/nacion-racismo-12-octubre\/\">Nation and racism. October 12 in the construction of Latin American societies<\/a><\/blockquote><iframe sandbox=\"allow-scripts\" security=\"restricted\" src=\"https:\/\/encartes.mx\/en\/nacion-racismo-12-octubre\/embed\/#?secret=3VEuXH0Mgo\" width=\"600\" height=\"338\" title=\"&quot;Nation and racism. The 12th of October in the construction of Latin American societies&quot; - Inserts\" data-secret=\"3VEuXH0Mgo\" frameborder=\"0\" marginwidth=\"0\" marginheight=\"0\" scrolling=\"no\" class=\"wp-embedded-content\"><\/iframe><script>\n\/*! This file is auto-generated *\/\n!function(d,l){\"use strict\";l.querySelector&&d.addEventListener&&\"undefined\"!=typeof URL&&(d.wp=d.wp||{},d.wp.receiveEmbedMessage||(d.wp.receiveEmbedMessage=function(e){var t=e.data;if((t||t.secret||t.message||t.value)&&!\/[^a-zA-Z0-9]\/.test(t.secret)){for(var s,r,n,a=l.querySelectorAll('iframe[data-secret=\"'+t.secret+'\"]'),o=l.querySelectorAll('blockquote[data-secret=\"'+t.secret+'\"]'),c=new RegExp(\"^https?:$\",\"i\"),i=0;i<o.length;i++)o[i].style.display=\"none\";for(i=0;i<a.length;i++)s=a[i],e.source===s.contentWindow&&(s.removeAttribute(\"style\"),\"height\"===t.message?(1e3<(r=parseInt(t.value,10))?r=1e3:~~r<200&&(r=200),s.height=r):\"link\"===t.message&&(r=new URL(s.getAttribute(\"src\")),n=new URL(t.value),c.test(n.protocol))&&n.host===r.host&&l.activeElement===s&&(d.top.location.href=t.value))}},d.addEventListener(\"message\",d.wp.receiveEmbedMessage,!1),l.addEventListener(\"DOMContentLoaded\",function(){for(var e,t,s=l.querySelectorAll(\"iframe.wp-embedded-content\"),r=0;r<s.length;r++)(t=(e=s[r]).getAttribute(\"data-secret\"))||(t=Math.random().toString(36).substring(2,12),e.src+=\"#?secret=\"+t,e.setAttribute(\"data-secret\",t)),e.contentWindow.postMessage({message:\"ready\",secret:t},\"*\")},!1)))}(window,document);\n<\/script>","description":"El d\u00eda 12 de octubre de 1492, las naves fletadas por la Corona de Castilla al mando del almirante Crist\u00f3bal Col\u00f3n tocaron tierra en lo que despu\u00e9s ser\u00eda conocido como Am\u00e9rica. Esta fecha est\u00e1 tan cargada de simbolismo que forma parte de los calendarios c\u00edvicos de casi todos los pa\u00edses del subcontinente, haciendo referencia a la relaci\u00f3n entre la \u201cmadre patria\u201d y las rep\u00fablicas, sus \u201chijas\u201d a pesar de las sacralizadas independencias. Aprovechamos esta fecha para preguntar a tres cient\u00edficos sociales c\u00f3mo se da en sus respectivos pa\u00edses la siempre conflictiva relaci\u00f3n de las rep\u00fablicas latinoamericanas con sus or\u00edgenes coloniales, con las poblaciones originarias y con el legado criollo en su formaci\u00f3n como naciones."}

Nación y racismo. El día 12 de octubre en la construcción de las sociedades latinoamericanas &#8211; Encartes

El día 12 de octubre de 1492, las naves fletadas por la Corona de Castilla al mando del almirante Cristóbal Colón tocaron tierra en lo que después sería conocido como América. Esta fecha está tan cargada de simbolismo que forma parte de los calendarios cívicos de casi todos los países del subcontinente, haciendo referencia a la relación entre la “madre patria” y las repúblicas, sus “hijas” a pesar de las sacralizadas independencias. Aprovechamos esta fecha para preguntar a tres científicos sociales cómo se da en sus respectivos países la siempre conflictiva relación de las repúblicas latinoamericanas con sus orígenes coloniales, con las poblaciones originarias y con el legado criollo en su formación como naciones.
